{"id":255,"date":"2023-01-29T16:18:00","date_gmt":"2023-01-29T15:18:00","guid":{"rendered":"http:\/\/greenseas.fr\/?page_id=255"},"modified":"2024-12-02T15:32:23","modified_gmt":"2024-12-02T14:32:23","slug":"ressources","status":"publish","type":"page","link":"http:\/\/greenseas.fr\/index.php\/ressources\/","title":{"rendered":"Les ressources"},"content":{"rendered":"\n<p class=\"has-black-color has-text-color has-link-color has-medium-font-size wp-elements-857460fe9efd3af0ea202cd8e0a51222\">Vous trouverez ici, sans pr\u00e9tention d&rsquo;exhaustivit\u00e9, des ressources en lien avec les questions de recherche du projet. Ces \u00e9l\u00e9ments externes servent de base \u00e0 la r\u00e9flexion men\u00e9e dans Greenseas.<\/p>\n\n\n\n<p class=\"has-white-color has-text-color has-background has-link-color has-medium-font-size wp-elements-462730e3cda27c92e1d46e5cb1c7747a\" style=\"background-color:#144c79\"><strong>Rapports<\/strong><\/p>\n\n\n\n<div class=\"wp-block-group\"><div class=\"wp-block-group__inner-container is-layout-constrained wp-block-group-is-layout-constrained\">\n<p class=\"has-text-color has-link-color wp-elements-0859e7a42e4ac46c8bf3169f27acff3f\" style=\"color:#144c79;font-size:17px\"><strong>Bilan des connaissances scientifiques sur les causes de prolif\u00e9ration de macro algues vertes. Application \u00e0 la situation de la Bretagne et propositions<\/strong> &#8211; publi\u00e9 en 2012<\/p>\n\n\n\n<div class=\"wp-block-columns is-layout-flex wp-container-core-columns-is-layout-9d6595d7 wp-block-columns-is-layout-flex\">\n<div class=\"wp-block-column is-layout-flow wp-block-column-is-layout-flow\" style=\"flex-basis:80%\">\n<p class=\"has-black-color has-text-color has-link-color wp-elements-7c763e43670f5aff5228693d2c84dca3\" style=\"font-size:15px\">La mission confi\u00e9e au CGEDD et au CGAAER, associ\u00e9e \u00e0 trois experts reconnus internationalement, a consist\u00e9 \u00e0 \u00e9tablir un \u00e9tat des connaissances disponibles sur ces prolif\u00e9rations d\u2019algues et \u00e0 apporter une analyse critique des arguments de la contestation du r\u00f4le des nitrates agricoles. La revue bibliographique a port\u00e9 sur les observations, les exp\u00e9rimentations et les mod\u00e9lisations conduites en Bretagne, sur les lagunes italiennes, en mer du Nord, sur la c\u00f4te Est des USA, en Chine et au Japon.<\/p>\n<\/div>\n\n\n\n<div class=\"wp-block-column is-layout-flow wp-block-column-is-layout-flow\" style=\"flex-basis:15%\">\n<div class=\"wp-block-buttons is-content-justification-center is-layout-flex wp-container-core-buttons-is-layout-16018d1d wp-block-buttons-is-layout-flex\">\n<div class=\"wp-block-button\"><a class=\"wp-block-button__link has-white-color has-text-color has-link-color wp-element-button\" href=\"https:\/\/www.creseb.fr\/voy_content\/uploads\/2012\/04\/Rapport-Chevassus2012.pdf\"><strong>T\u00e9l\u00e9charger<\/strong><\/a><\/div>\n<\/div>\n<\/div>\n<\/div>\n<\/div><\/div>\n\n\n\n<hr class=\"wp-block-separator has-alpha-channel-opacity is-style-default\"\/>\n\n\n\n<div class=\"wp-block-group\"><div class=\"wp-block-group__inner-container is-layout-constrained wp-block-group-is-layout-constrained\">\n<p class=\"has-text-color has-link-color wp-elements-07b24b97c9506112bf10c93c96941cdd\" style=\"color:#144c79;font-size:17px\"><strong>Expertise scientifique (ESCo) Eutrophisation<\/strong> &#8211; publi\u00e9 en 2017<\/p>\n\n\n\n<div class=\"wp-block-columns is-layout-flex wp-container-core-columns-is-layout-9d6595d7 wp-block-columns-is-layout-flex\">\n<div class=\"wp-block-column is-layout-flow wp-block-column-is-layout-flow\" style=\"flex-basis:15%\">\n<div class=\"wp-block-buttons is-content-justification-center is-layout-flex wp-container-core-buttons-is-layout-16018d1d wp-block-buttons-is-layout-flex\">\n<div class=\"wp-block-button\"><a class=\"wp-block-button__link has-white-color has-text-color has-link-color wp-element-button\" href=\"https:\/\/hal.inrae.fr\/hal-02791790\"><strong>T\u00e9l\u00e9charger<\/strong><\/a><\/div>\n<\/div>\n<\/div>\n\n\n\n<div class=\"wp-block-column is-layout-flow wp-block-column-is-layout-flow\" style=\"flex-basis:80%\">\n<p class=\"has-black-color has-text-color has-link-color wp-elements-40844eafa1a4088e42506c6c4caf47df\" style=\"font-size:15px\">L\u2019eutrophisation touche de nombreux lacs, r\u00e9servoirs, rivi\u00e8res et zones c\u00f4ti\u00e8res, en France et dans le monde. Elle g\u00e9n\u00e8re des perturbations majeures pour les \u00e9cosyst\u00e8mes aquatiques et a des impacts sur les biens et les services associ\u00e9s, sur la sant\u00e9 humaine et sur les activit\u00e9s \u00e9conomiques. Dans certains espaces, elle est devenue une question socialement vive. Les d\u00e9bats sur l\u2019identification des facteurs et des niveaux de risque d\u2019eutrophisation, permettant d\u2019orienter les politiques publiques, ont conduit les minist\u00e8res en charge de l\u2019environnement et de l\u2019agriculture \u00e0 confier au CNRS, \u00e0 l\u2019Ifremer, \u00e0 l\u2019INRA et \u00e0 Irstea la r\u00e9alisation d\u2019une Expertise scientifique collective (ESCo) sur le sujet. Cette ESCo \u00e9tablit un \u00e9tat des lieux critique sur les connaissances scientifiques disponibles au plan international sur les causes, les m\u00e9canismes, les cons\u00e9quences et la pr\u00e9dictibilit\u00e9 des ph\u00e9nom\u00e8nes d\u2019eutrophisation. Elle identifie les notions consid\u00e9r\u00e9es comme certaines et celles encore entach\u00e9es d\u2019incertitudes, les lacunes, les questions faisant l\u2019objet de controverses scientifiques, ainsi que les leviers d\u2019action existants pour endiguer l\u2019eutrophisation.<\/p>\n<\/div>\n<\/div>\n<\/div><\/div>\n\n\n\n<hr class=\"wp-block-separator has-alpha-channel-opacity is-style-default\"\/>\n\n\n\n<div class=\"wp-block-group\"><div class=\"wp-block-group__inner-container is-layout-constrained wp-block-group-is-layout-constrained\">\n<p class=\"has-text-color has-link-color wp-elements-499a970302a7783f2fe52a2cfb904329\" style=\"color:#144c79;font-size:17px\"><strong><strong>Evaluation de la politique publique de lutte contre la prolif\u00e9ration des algues vertes en Bretagne (2010-2019)<\/strong><\/strong> &#8211; publi\u00e9 en 2021<\/p>\n\n\n\n<div class=\"wp-block-columns is-layout-flex wp-container-core-columns-is-layout-9d6595d7 wp-block-columns-is-layout-flex\">\n<div class=\"wp-block-column is-layout-flow wp-block-column-is-layout-flow\" style=\"flex-basis:80%\">\n<p class=\"has-black-color has-text-color has-link-color wp-elements-ae2cda13ca14238c78c27bbbb22f95a0\" style=\"font-size:15px\">Ce rapport de la Cour des Comptes, publi\u00e9 en 2021, revient sur l&rsquo;action des&nbsp;acteurs publics (\u00c9tat, collectivit\u00e9s territoriales, agence de l\u2019eau) pour lutter contre la prolif\u00e9ration d&rsquo;algues vertes dans huit baies bretonnes. Il propose \u00e9galement 5 orientations pour amplifier rapidement l&rsquo;action engag\u00e9e.<\/p>\n<\/div>\n\n\n\n<div class=\"wp-block-column is-layout-flow wp-block-column-is-layout-flow\" style=\"flex-basis:15%\">\n<div class=\"wp-block-buttons is-content-justification-center is-layout-flex wp-container-core-buttons-is-layout-16018d1d wp-block-buttons-is-layout-flex\">\n<div class=\"wp-block-button has-custom-width wp-block-button__width-100\"><a class=\"wp-block-button__link has-white-color has-text-color has-link-color wp-element-button\" href=\"https:\/\/www.ccomptes.fr\/fr\/publications\/la-politique-publique-de-lutte-contre-la-proliferation-des-algues-vertes-en-bretagne\" style=\"border-radius:100px\"><strong>T\u00e9l\u00e9charger<\/strong><\/a><\/div>\n<\/div>\n<\/div>\n<\/div>\n<\/div><\/div>\n\n\n\n<hr class=\"wp-block-separator has-alpha-channel-opacity is-style-default\"\/>\n\n\n\n<div class=\"wp-block-group\"><div class=\"wp-block-group__inner-container is-layout-constrained wp-block-group-is-layout-constrained\">\n<p class=\"has-text-color has-link-color wp-elements-10be2214cb52b54cb44904efc5168d62\" style=\"color:#144c79;font-size:17px\"><strong>Analyse des conditions de faisabilit\u00e9 et des possibilit\u00e9s d\u2019\u00e9mergence d\u2019une recherche-action coordonn\u00e9e sur les transitions agro\u00e9cologiques dans les baies algues vertes<\/strong> &#8211; publi\u00e9 en 2024<\/p>\n\n\n\n<div class=\"wp-block-columns is-layout-flex wp-container-core-columns-is-layout-9d6595d7 wp-block-columns-is-layout-flex\">\n<div class=\"wp-block-column is-layout-flow wp-block-column-is-layout-flow\" style=\"flex-basis:15%\">\n<div class=\"wp-block-buttons is-content-justification-center is-layout-flex wp-container-core-buttons-is-layout-16018d1d wp-block-buttons-is-layout-flex\">\n<div class=\"wp-block-button\"><a class=\"wp-block-button__link has-white-color has-text-color has-link-color wp-element-button\" href=\"http:\/\/greenseas.fr\/wp-content\/uploads\/2024\/12\/20240920_PRETABAIE-Rapport-final.pdf\"><strong>T\u00e9l\u00e9charger<\/strong><\/a><\/div>\n<\/div>\n<\/div>\n\n\n\n<div class=\"wp-block-column is-layout-flow wp-block-column-is-layout-flow\" style=\"flex-basis:80%\">\n<p class=\"has-black-color has-text-color has-link-color wp-elements-1a552579147868bb09063580b63ac460\" style=\"font-size:15px\">PRETABAIE &#8211; Ce rapport est le produit d\u2019une \u00e9tude intitul\u00e9e PRETABAIE pour aider \u00e0 la conception d\u2019un projet de recherche-action visant l\u2019accompagnement de territoires dans la construction de trajectoires de transition agro\u00e9cologique. De telles trajectoires sont n\u00e9cessaires pour contribuer \u00e0 faire face \u00e0 l\u2019eutrophisation littorale associ\u00e9e aux pollutions diffuses, tout en prenant en compte le caract\u00e8re syst\u00e9mique des transformations \u00e0 op\u00e9rer.<\/p>\n<\/div>\n<\/div>\n<\/div><\/div>\n\n\n\n<hr class=\"wp-block-separator has-alpha-channel-opacity is-style-default\"\/>\n\n\n\n<p class=\"has-white-color has-text-color has-background has-link-color has-medium-font-size wp-elements-f9455b173d72b31c5cf5b35ddb7b912f\" style=\"background-color:#144c79\"><strong>Vid\u00e9os<\/strong><\/p>\n\n\n\n<p class=\"has-text-color has-link-color wp-elements-148c30e295784d73a7e500f09802d3db\" style=\"color:#144c79;font-size:17px\"><strong>L&rsquo;exp\u00e9rience algues vertes &#8211; paroles d&rsquo;\u00e9lu.e.s<\/strong> &#8211; r\u00e9alis\u00e9 en 2021<\/p>\n\n\n\n<p class=\"has-black-color has-text-color has-link-color wp-elements-a762bc2b901a55dcf29d4c1914964142\" style=\"font-size:15px\"><strong>A partir du t\u00e9moignage de quatre \u00e9lus locaux<\/strong>, ce fil s&rsquo;attache&nbsp;\u00e0 rendre compte de leur v\u00e9cu, de leur exp\u00e9rience et de leur engagement autour de la probl\u00e9matique des algues vertes. &nbsp;Il n\u2019a pas vocation \u00e0 expliciter la probl\u00e9matique et l\u2019\u00e9tat actuel de la situation mais \u00e0 montrer l\u2019importance et la place des \u00e9lus, leurs difficult\u00e9s au cours du temps et la fa\u00e7on dont ils peuvent s\u2019engager, avec qui et par quels moyens.<\/p>\n\n\n\n<p class=\"has-black-color has-text-color has-link-color wp-elements-8a99155f1ef8c7e6af36987cd9bf1380\" style=\"font-size:15px\">Il a \u00e9t\u00e9 r\u00e9alis\u00e9 par Alix Levain et Mathurin Peschet en 2021<\/p>\n\n\n\n<figure class=\"wp-block-embed is-type-video is-provider-vimeo wp-block-embed-vimeo wp-embed-aspect-16-9 wp-has-aspect-ratio\"><div class=\"wp-block-embed__wrapper\">\n<iframe loading=\"lazy\" title=\"2021 - L&#039;exp\u00e9rience algues vertes - paroles d&#039;\u00e9lu.e.s\" src=\"https:\/\/player.vimeo.com\/video\/504344457?h=74208b6c50&amp;dnt=1&amp;app_id=122963\" width=\"1140\" height=\"641\" frameborder=\"0\" allow=\"autoplay; fullscreen; picture-in-picture; clipboard-write\"><\/iframe>\n<\/div><\/figure>\n\n\n\n<p><\/p>\n","protected":false},"excerpt":{"rendered":"<p>Vous trouverez ici, sans pr\u00e9tention d&rsquo;exhaustivit\u00e9, des ressources en lien avec les questions de recherche du projet. Ces \u00e9l\u00e9ments externes servent de base \u00e0 la r\u00e9flexion men\u00e9e dans Greenseas. Rapports Bilan des connaissances scientifiques sur les causes de prolif\u00e9ration de macro algues vertes. Application \u00e0 la situation de la Bretagne et propositions &#8211; publi\u00e9 en [&hellip;]<\/p>\n","protected":false},"author":2,"featured_media":0,"parent":0,"menu_order":5,"comment_status":"closed","ping_status":"closed","template":"page-templates\/full-width.php","meta":{"_acf_changed":false,"footnotes":""},"class_list":["post-255","page","type-page","status-publish","hentry"],"acf":[],"_links":{"self":[{"href":"http:\/\/greenseas.fr\/index.php\/wp-json\/wp\/v2\/pages\/255","targetHints":{"allow":["GET"]}}],"collection":[{"href":"http:\/\/greenseas.fr\/index.php\/wp-json\/wp\/v2\/pages"}],"about":[{"href":"http:\/\/greenseas.fr\/index.php\/wp-json\/wp\/v2\/types\/page"}],"author":[{"embeddable":true,"href":"http:\/\/greenseas.fr\/index.php\/wp-json\/wp\/v2\/users\/2"}],"replies":[{"embeddable":true,"href":"http:\/\/greenseas.fr\/index.php\/wp-json\/wp\/v2\/comments?post=255"}],"version-history":[{"count":15,"href":"http:\/\/greenseas.fr\/index.php\/wp-json\/wp\/v2\/pages\/255\/revisions"}],"predecessor-version":[{"id":672,"href":"http:\/\/greenseas.fr\/index.php\/wp-json\/wp\/v2\/pages\/255\/revisions\/672"}],"wp:attachment":[{"href":"http:\/\/greenseas.fr\/index.php\/wp-json\/wp\/v2\/media?parent=255"}],"curies":[{"name":"wp","href":"https:\/\/api.w.org\/{rel}","templated":true}]}}