{"id":28,"date":"2022-12-19T16:31:28","date_gmt":"2022-12-19T15:31:28","guid":{"rendered":"http:\/\/greenseas.fr\/?page_id=28"},"modified":"2024-11-20T15:02:05","modified_gmt":"2024-11-20T14:02:05","slug":"les-partenaires-scientifiques","status":"publish","type":"page","link":"http:\/\/greenseas.fr\/index.php\/page-d-exemple\/les-partenaires-scientifiques\/","title":{"rendered":"Les partenaires scientifiques"},"content":{"rendered":"\n<p class=\"has-black-color has-text-color has-link-color wp-elements-40e1c10c4d01ae753c5e02456dc7939f\" style=\"font-size:15px\">Le consortium de GreenSeas pr\u00e9sente l\u2019originalit\u00e9 d\u2019avoir une forte int\u00e9gration du continuum terre-mer et une repr\u00e9sentation \u00e9quilibr\u00e9e des sciences humaines et sociales et des sciences biophysiques.<\/p>\n\n\n\n<p class=\"has-black-color has-text-color has-link-color wp-elements-56ce3de4aec483c188292bf53004fc06\" style=\"font-size:15px\">Une vingtaine de scientifiques, issus de 9 unit\u00e9s de recherche sont impliqu\u00e9es dans le projet.<\/p>\n\n\n\n<p class=\"has-black-color has-text-color has-link-color wp-elements-db8f7b657f917f365053eaab27962744\" id=\"block-f8c520a1-c002-4073-853d-a13ff723ffdc\" style=\"font-size:15px\"><\/p>\n\n\n\n<p class=\"has-text-color has-link-color wp-elements-70d6e0a8908dd97051f257bc83745471\" id=\"block-e755eaca-7a64-4241-8c7c-60a04b108353\" style=\"color:#144c79;font-size:17px\"><strong>UMR AMURE 6308, Brest<\/strong> <strong>(CNRS, IFREMER, UBO)<\/strong><\/p>\n\n\n\n<div class=\"wp-block-media-text is-stacked-on-mobile\" style=\"grid-template-columns:27% auto\"><figure class=\"wp-block-media-text__media\"><a href=\"https:\/\/www.umr-amure.fr\/\"><img loading=\"lazy\" decoding=\"async\" width=\"725\" height=\"224\" src=\"http:\/\/greenseas.fr\/wp-content\/uploads\/2024\/11\/Logo-Amure-quadri.png\" alt=\"\" class=\"wp-image-552 size-full\" srcset=\"http:\/\/greenseas.fr\/wp-content\/uploads\/2024\/11\/Logo-Amure-quadri.png 725w, http:\/\/greenseas.fr\/wp-content\/uploads\/2024\/11\/Logo-Amure-quadri-300x93.png 300w\" sizes=\"auto, (max-width: 725px) 100vw, 725px\" \/><\/a><\/figure><div class=\"wp-block-media-text__content\">\n<p class=\"has-black-color has-text-color has-link-color wp-elements-3347a4abcf8e11c75245e2ce70bdb73f\" style=\"font-size:15px\">L&rsquo;UMR \u00ab\u00a0Am\u00e9nagement des Usages des Ressources et des Espaces marins et littoraux\u00a0\u00bb est un centre de recherche et de formation pluridisciplinaires en sciences humaines et sociales. Ses recherches portent sur les environnements marins et c\u00f4tiers. Ses travaux portent sur le d\u00e9veloppement durable des activit\u00e9s maritimes, sur les politiques publiques associ\u00e9es et leurs impacts sur l\u2019\u00e9volution des socio-\u00e9cosyst\u00e8mes marins et littoraux. Elle apporte ses comp\u00e9tences en anthropologie sociale, sociologie , \u00e9conomie institutionnelle, et sciences de la durabilit\u00e9.<\/p>\n<\/div><\/div>\n\n\n\n<div class=\"wp-block-group\"><div class=\"wp-block-group__inner-container is-layout-constrained wp-block-group-is-layout-constrained\">\n<p class=\"has-text-color has-link-color wp-elements-98e3682791493ed4a4976c0b82926e1c\" id=\"block-e755eaca-7a64-4241-8c7c-60a04b108353\" style=\"color:#144c79;font-size:17px\"><strong>U<strong>MR ARENES 6051, Rennes (CNRS, EHESP, Universit\u00e9 de Rennes 1, Sciences Po Rennes)<\/strong><\/strong><\/p>\n\n\n\n<div class=\"wp-block-media-text is-stacked-on-mobile\" style=\"grid-template-columns:27% auto\"><figure class=\"wp-block-media-text__media\"><a href=\"https:\/\/arenes.eu\/\"><img loading=\"lazy\" decoding=\"async\" width=\"350\" height=\"124\" src=\"http:\/\/greenseas.fr\/wp-content\/uploads\/2024\/11\/Logo_Arenes_couleur_RVB_fond_transparent.png\" alt=\"\" class=\"wp-image-553 size-full\" srcset=\"http:\/\/greenseas.fr\/wp-content\/uploads\/2024\/11\/Logo_Arenes_couleur_RVB_fond_transparent.png 350w, http:\/\/greenseas.fr\/wp-content\/uploads\/2024\/11\/Logo_Arenes_couleur_RVB_fond_transparent-300x106.png 300w\" sizes=\"auto, (max-width: 350px) 100vw, 350px\" \/><\/a><\/figure><div class=\"wp-block-media-text__content\">\n<p class=\"has-black-color has-text-color has-link-color wp-elements-e8512ad053642bde1c6c671358001b94\" style=\"font-size:15px\">ARENES est une unit\u00e9 de recherche pluridisciplinaire en sciences humaines et sociales. Elle apporte ses comp\u00e9tences en sociologie et en sciences politiques et son expertise sur la construction de probl\u00e8mes publics et l&rsquo;analyse et l&rsquo;\u00e9valuation de politiques.<\/p>\n<\/div><\/div>\n<\/div><\/div>\n\n\n\n<div class=\"wp-block-group\"><div class=\"wp-block-group__inner-container is-layout-constrained wp-block-group-is-layout-constrained\">\n<p class=\"has-text-color has-link-color wp-elements-eee1c65e133cbb4294c03fe2e93a81bb\" id=\"block-e755eaca-7a64-4241-8c7c-60a04b108353\" style=\"color:#144c79;font-size:17px\"><strong><strong>EA CHCSC 2448, Versailles-Saint Quentin (UVSQ)<\/strong><\/strong><\/p>\n\n\n\n<div class=\"wp-block-media-text is-stacked-on-mobile\" style=\"grid-template-columns:27% auto\"><figure class=\"wp-block-media-text__media\"><a href=\"https:\/\/www.chcsc.uvsq.fr\/\"><img loading=\"lazy\" decoding=\"async\" width=\"1024\" height=\"269\" src=\"http:\/\/greenseas.fr\/wp-content\/uploads\/2024\/11\/logo-chcsc-2020-1024x269.jpg\" alt=\"\" class=\"wp-image-554 size-full\" srcset=\"http:\/\/greenseas.fr\/wp-content\/uploads\/2024\/11\/logo-chcsc-2020-1024x269.jpg 1024w, http:\/\/greenseas.fr\/wp-content\/uploads\/2024\/11\/logo-chcsc-2020-300x79.jpg 300w, http:\/\/greenseas.fr\/wp-content\/uploads\/2024\/11\/logo-chcsc-2020-768x202.jpg 768w, http:\/\/greenseas.fr\/wp-content\/uploads\/2024\/11\/logo-chcsc-2020-1536x404.jpg 1536w, http:\/\/greenseas.fr\/wp-content\/uploads\/2024\/11\/logo-chcsc-2020.jpg 1815w\" sizes=\"auto, (max-width: 1024px) 100vw, 1024px\" \/><\/a><\/figure><div class=\"wp-block-media-text__content\">\n<p class=\"has-black-color has-text-color has-link-color wp-elements-6c5d7b8cf627db4d223ed95a2598c11c\" style=\"font-size:15px\">Le Centre d&rsquo;Histoire Culturelle des Soci\u00e9t\u00e9s Contemporaines a une expertise reconnue en histoire culturelle, incluant les repr\u00e9sentations sociales et les objets culturels. Il apporte ses comp\u00e9tences en histoire environnementale.<\/p>\n<\/div><\/div>\n<\/div><\/div>\n\n\n\n<div class=\"wp-block-group\"><div class=\"wp-block-group__inner-container is-layout-constrained wp-block-group-is-layout-constrained\">\n<p class=\"has-text-color has-link-color wp-elements-5564d60698be13cb4958cffeff4c5528\" id=\"block-e755eaca-7a64-4241-8c7c-60a04b108353\" style=\"color:#144c79;font-size:17px\"><strong><strong>CEVA<\/strong>, <strong>Pleubian<\/strong><\/strong><\/p>\n\n\n\n<div class=\"wp-block-media-text is-stacked-on-mobile\" style=\"grid-template-columns:27% auto\"><figure class=\"wp-block-media-text__media\"><a href=\"https:\/\/arenes.eu\/\"><img loading=\"lazy\" decoding=\"async\" width=\"255\" height=\"75\" src=\"http:\/\/greenseas.fr\/wp-content\/uploads\/2024\/11\/CEVA.jpg\" alt=\"\" class=\"wp-image-555 size-full\"\/><\/a><\/figure><div class=\"wp-block-media-text__content\">\n<p class=\"has-black-color has-text-color has-link-color wp-elements-3a1b5701846f75209c8de8fdc2d3780e\" style=\"font-size:15px\">Le Centre d\u2019\u00c9tude et de Valorisation des Algues est un centre technique et de recherche d\u00e9di\u00e9 aux algues, aux plantes marines et aux biotechnologies marines. Historiquement le CEVA a \u00e9t\u00e9 cr\u00e9\u00e9 pour accompagner les collectivit\u00e9s locales dans la connaissance et la gestion des mar\u00e9es vertes. Le CEVA est aujourd&rsquo;hui une r\u00e9f\u00e9rence nationale r\u00e9pondant aux pr\u00e9occupations des collectivit\u00e9s locales, des gestionnaires de la qualit\u00e9 des eaux c\u00f4ti\u00e8res et des professionnels, qui peuvent \u00eatre confront\u00e9s \u00e0 des perturbations \u00e9cologiques de la v\u00e9g\u00e9tation aquatique.<\/p>\n<\/div><\/div>\n<\/div><\/div>\n\n\n\n<div class=\"wp-block-group\"><div class=\"wp-block-group__inner-container is-layout-constrained wp-block-group-is-layout-constrained\">\n<p class=\"has-text-color has-link-color wp-elements-015befe8943a96b74653db77b839f348\" id=\"block-e755eaca-7a64-4241-8c7c-60a04b108353\" style=\"color:#144c79;font-size:17px\"><strong><strong>UMR ESE 8079, Paris Saclay<\/strong><\/strong><\/p>\n\n\n\n<div class=\"wp-block-media-text is-stacked-on-mobile\" style=\"grid-template-columns:27% auto\"><figure class=\"wp-block-media-text__media\"><a href=\"https:\/\/www.ese.universite-paris-saclay.fr\/\"><img loading=\"lazy\" decoding=\"async\" width=\"140\" height=\"70\" src=\"http:\/\/greenseas.fr\/wp-content\/uploads\/2024\/11\/logo_ese.png\" alt=\"\" class=\"wp-image-556 size-full\"\/><\/a><\/figure><div class=\"wp-block-media-text__content\">\n<p class=\"has-black-color has-text-color has-link-color wp-elements-3f8cd152886fee196888f8767e4b8a7e\" style=\"font-size:15px\">L&rsquo;UMR \u00ab\u00a0\u00c9cologie Syst\u00e9matique \u00c9volution\u00a0\u00bb apporte ses comp\u00e9tences en \u00e9conomie institutionnelle et \u00e9cologique.<\/p>\n<\/div><\/div>\n<\/div><\/div>\n\n\n\n<div class=\"wp-block-group\"><div class=\"wp-block-group__inner-container is-layout-constrained wp-block-group-is-layout-constrained\">\n<p class=\"has-text-color has-link-color wp-elements-02b6f29c88d45eadc6ad8f9be168734f\" id=\"block-e755eaca-7a64-4241-8c7c-60a04b108353\" style=\"color:#144c79;font-size:17px\"><strong><strong><strong>UMR G-Eau, Montpellier (AgroParisTech, BRGM, CIRAD, INRAE, IRD, Institut Agro)<\/strong><\/strong><\/strong><\/p>\n\n\n\n<div class=\"wp-block-media-text is-stacked-on-mobile\" style=\"grid-template-columns:27% auto\"><figure class=\"wp-block-media-text__media\"><a href=\"http:\/\/www.g-eau.fr\/index.php\/fr\/\"><img loading=\"lazy\" decoding=\"async\" width=\"195\" height=\"80\" src=\"http:\/\/greenseas.fr\/wp-content\/uploads\/2024\/11\/logo_geau.jpg\" alt=\"\" class=\"wp-image-557 size-full\"\/><\/a><\/figure><div class=\"wp-block-media-text__content\">\n<p class=\"has-black-color has-text-color has-link-color wp-elements-848bcf431ce1ae8f3b80c7eae9849463\" style=\"font-size:15px\">L&rsquo;UMR \u00ab\u00a0Gestion de l&rsquo;Eau\u00a0\u00bb est centr\u00e9e sur l&rsquo;\u00e9tude des socio-hydrosyst\u00e8mes et leur r\u00e9gulation. Elle con\u00e7oit et \u00e9value des outils pour faciliter la mise en \u0153uvre de politiques publiques innovantes dans le domaine de l&rsquo;eau. Elle apporte ses comp\u00e9tences en \u00e9cologie politique et sciences politiques. <\/p>\n<\/div><\/div>\n<\/div><\/div>\n\n\n\n<div class=\"wp-block-group\"><div class=\"wp-block-group__inner-container is-layout-constrained wp-block-group-is-layout-constrained\">\n<p class=\"has-text-color has-link-color wp-elements-07cc2a80bb6d6975ef2c2e49fadc7e6d\" id=\"block-e755eaca-7a64-4241-8c7c-60a04b108353\" style=\"color:#144c79;font-size:17px\"><strong><strong><strong>EA<\/strong> <strong>LABERS 3149, Brest (UBO)<\/strong><\/strong><\/strong><\/p>\n\n\n\n<div class=\"wp-block-media-text is-stacked-on-mobile\" style=\"grid-template-columns:27% auto\"><figure class=\"wp-block-media-text__media\"><a href=\"https:\/\/nouveau.univ-brest.fr\/labers\/fr\"><img loading=\"lazy\" decoding=\"async\" width=\"308\" height=\"175\" src=\"http:\/\/greenseas.fr\/wp-content\/uploads\/2024\/11\/LABERS.jpg\" alt=\"\" class=\"wp-image-558 size-full\" srcset=\"http:\/\/greenseas.fr\/wp-content\/uploads\/2024\/11\/LABERS.jpg 308w, http:\/\/greenseas.fr\/wp-content\/uploads\/2024\/11\/LABERS-300x170.jpg 300w\" sizes=\"auto, (max-width: 308px) 100vw, 308px\" \/><\/a><\/figure><div class=\"wp-block-media-text__content\">\n<p class=\"has-black-color has-text-color has-link-color wp-elements-faf3b0e8beae52e24c59447e6ac3a796\" style=\"font-size:15px\">Le laboratoire d\u2019\u00c9tude et de Recherches en Sociologie d\u00e9veloppe des travaux en sciences humaines et sociales, en particulier sur l&rsquo;usage et les repr\u00e9sentations sociales des territoires. Il apporte ses comp\u00e9tences en am\u00e9nagement et \u00e9cologie de la restauration.<\/p>\n<\/div><\/div>\n<\/div><\/div>\n\n\n\n<div class=\"wp-block-group\"><div class=\"wp-block-group__inner-container is-layout-constrained wp-block-group-is-layout-constrained\">\n<p class=\"has-text-color has-link-color wp-elements-6857e3fb9153a437af9e9600ada8f6d7\" id=\"block-e755eaca-7a64-4241-8c7c-60a04b108353\" style=\"color:#144c79;font-size:17px\"><strong><strong><strong><strong>UMR<\/strong> <strong>LEMAR 6539, Brest (CNRS, IRD, IFREMER, UBO)<\/strong><\/strong><\/strong><\/strong><\/p>\n\n\n\n<div class=\"wp-block-media-text is-stacked-on-mobile\" style=\"grid-template-columns:27% auto\"><figure class=\"wp-block-media-text__media\"><a href=\"https:\/\/www-iuem.univ-brest.fr\/lemar\/\"><img loading=\"lazy\" decoding=\"async\" width=\"493\" height=\"156\" src=\"http:\/\/greenseas.fr\/wp-content\/uploads\/2024\/11\/logo-lemar-big.png\" alt=\"\" class=\"wp-image-559 size-full\" srcset=\"http:\/\/greenseas.fr\/wp-content\/uploads\/2024\/11\/logo-lemar-big.png 493w, http:\/\/greenseas.fr\/wp-content\/uploads\/2024\/11\/logo-lemar-big-300x95.png 300w\" sizes=\"auto, (max-width: 493px) 100vw, 493px\" \/><\/a><\/figure><div class=\"wp-block-media-text__content\">\n<p class=\"has-black-color has-text-color has-link-color wp-elements-08dc6f72f35449a4bf27332530fb4a9d\" style=\"font-size:15px\">Le Laboratoire des Sciences de L&rsquo;Environnement Marin est un laboratoire fortement interdisciplinaire qui \u00e9tudie les \u00e9cosyst\u00e8mes c\u00f4tiers et marins et leurs r\u00e9ponses aux changements globaux. Il apporte ses comp\u00e9tences en biog\u00e9ochimie marine, en mod\u00e9lisation du fonctionnement des estuaires et de l&rsquo;interface terre-mer. Il a aussi une expertise de l&rsquo;interface science-politique.<\/p>\n<\/div><\/div>\n<\/div><\/div>\n\n\n\n<div class=\"wp-block-group\"><div class=\"wp-block-group__inner-container is-layout-constrained wp-block-group-is-layout-constrained\">\n<p class=\"has-text-color has-link-color wp-elements-3312320c6decc55c753570116ba07672\" id=\"block-e755eaca-7a64-4241-8c7c-60a04b108353\" style=\"color:#144c79;font-size:17px\"><strong><strong><strong><strong>UMR SAS 1069, Rennes<\/strong> <strong>(INRAE, Institut-Agro)<\/strong><\/strong><\/strong><\/strong><\/p>\n\n\n\n<div class=\"wp-block-media-text is-stacked-on-mobile\" style=\"grid-template-columns:27% auto\"><figure class=\"wp-block-media-text__media\"><a href=\"https:\/\/nouveau.univ-brest.fr\/labers\/fr\"><img loading=\"lazy\" decoding=\"async\" width=\"253\" height=\"180\" src=\"http:\/\/greenseas.fr\/wp-content\/uploads\/2024\/11\/SAS.jpg\" alt=\"\" class=\"wp-image-560 size-full\"\/><\/a><\/figure><div class=\"wp-block-media-text__content\">\n<p class=\"has-black-color has-text-color has-link-color wp-elements-620ac03f6e3cdeed3b64a8403adb6bca\" style=\"font-size:15px\">L&rsquo;UMR \u00ab\u00a0Sol Agro et hydrosyst\u00e8me Spatialisation\u00a0\u00bb <strong><em>coordonne le projet<\/em><\/strong>. Elle apporte ses comp\u00e9tences en agronomie, biog\u00e9ochimie, hydrologie, et sciences de l&rsquo;information. Elle a forte une expertise dans l&rsquo;analyse de la dynamique agricole, de l&rsquo;\u00e9chelle des syst\u00e8mes agricoles \u00e0 celle des paysages, et dans la mod\u00e9lisation int\u00e9gr\u00e9e des bassins versants agricoles et du cycle des nutriments.<\/p>\n<\/div><\/div>\n\n\n\n<p id=\"block-05fef7e6-15cd-4fb2-8986-2efee244a060\"><\/p>\n\n\n\n<p><\/p>\n<\/div><\/div>\n","protected":false},"excerpt":{"rendered":"<p>Le consortium de GreenSeas pr\u00e9sente l\u2019originalit\u00e9 d\u2019avoir une forte int\u00e9gration du continuum terre-mer et une repr\u00e9sentation \u00e9quilibr\u00e9e des sciences humaines et sociales et des sciences biophysiques. Une vingtaine de scientifiques, issus de 9 unit\u00e9s de recherche sont impliqu\u00e9es dans le projet. UMR AMURE 6308, Brest (CNRS, IFREMER, UBO) L&rsquo;UMR \u00ab\u00a0Am\u00e9nagement des Usages des Ressources et [&hellip;]<\/p>\n","protected":false},"author":2,"featured_media":0,"parent":2,"menu_order":1,"comment_status":"closed","ping_status":"closed","template":"page-templates\/full-width.php","meta":{"_acf_changed":false,"footnotes":""},"class_list":["post-28","page","type-page","status-publish","hentry"],"acf":[],"_links":{"self":[{"href":"http:\/\/greenseas.fr\/index.php\/wp-json\/wp\/v2\/pages\/28","targetHints":{"allow":["GET"]}}],"collection":[{"href":"http:\/\/greenseas.fr\/index.php\/wp-json\/wp\/v2\/pages"}],"about":[{"href":"http:\/\/greenseas.fr\/index.php\/wp-json\/wp\/v2\/types\/page"}],"author":[{"embeddable":true,"href":"http:\/\/greenseas.fr\/index.php\/wp-json\/wp\/v2\/users\/2"}],"replies":[{"embeddable":true,"href":"http:\/\/greenseas.fr\/index.php\/wp-json\/wp\/v2\/comments?post=28"}],"version-history":[{"count":6,"href":"http:\/\/greenseas.fr\/index.php\/wp-json\/wp\/v2\/pages\/28\/revisions"}],"predecessor-version":[{"id":561,"href":"http:\/\/greenseas.fr\/index.php\/wp-json\/wp\/v2\/pages\/28\/revisions\/561"}],"up":[{"embeddable":true,"href":"http:\/\/greenseas.fr\/index.php\/wp-json\/wp\/v2\/pages\/2"}],"wp:attachment":[{"href":"http:\/\/greenseas.fr\/index.php\/wp-json\/wp\/v2\/media?parent=28"}],"curies":[{"name":"wp","href":"https:\/\/api.w.org\/{rel}","templated":true}]}}