{"id":459,"date":"2024-11-13T12:48:28","date_gmt":"2024-11-13T11:48:28","guid":{"rendered":"http:\/\/greenseas.fr\/?page_id=459"},"modified":"2024-12-04T09:33:55","modified_gmt":"2024-12-04T08:33:55","slug":"le-volet-2-wp2","status":"publish","type":"page","link":"http:\/\/greenseas.fr\/index.php\/le-projet\/axes-de-recherches\/le-volet-2-wp2\/","title":{"rendered":"Le volet 2 (WP2)"},"content":{"rendered":"\n<p class=\"has-white-color has-text-color has-background has-link-color wp-elements-1524fdd1eafca4d4a97051d57e5aa9dc\" style=\"background-color:#144c79;font-size:20px\">Caract\u00e9riser les <strong>dynamiques biophysiques<\/strong>, dans l&rsquo;espace et dans le temps, le long du continuum terre-mer<\/p>\n\n\n\n<p class=\"has-black-color has-text-color has-link-color wp-elements-a75183ffb5da39e9fb8d7d9c759d8202\" style=\"font-size:15px\">Ce volet analyse de fa\u00e7on r\u00e9trospective le fonctionnement de la baie de Douarnenez, consid\u00e9r\u00e9e comme un \u00e9cosyst\u00e8me complexe qui a subi d&rsquo;importantes modifications ces 60 derni\u00e8res ann\u00e9es.<\/p>\n\n\n\n<p class=\"has-black-color has-text-color has-link-color wp-elements-521dc95b2195213f0db8dc7cc984d89f\" style=\"font-size:15px\">Pour cela, il s&rsquo;appuie sur plusieurs disciplines (hydrologie, biog\u00e9ochimie, agronomie, \u00e9cologie, oc\u00e9anographie, g\u00e9ographie) et diff\u00e9rentes m\u00e9thodes, de l&rsquo;analyse de donn\u00e9es spatio-temporelles \u00e0 la mod\u00e9lisation int\u00e9gr\u00e9e.<br>Il se d\u00e9cline sous 4 axes : <\/p>\n\n\n\n<ul class=\"wp-block-list\">\n<li class=\"has-black-color has-text-color has-link-color wp-elements-e64446cf96f54d94f85b1916b7a49789\" style=\"font-size:15px\">L&rsquo;analyse approfondie de la trajectoire spatio-temporelle des paysages et des syst\u00e8mes agricoles dans la baie de Douarnenez. L&rsquo;objectif est que cela permette de reconstituer les flux historiques de nutriments dans la baie de Douarnenez, et d&rsquo;expliquer les pics observ\u00e9s mi-1980, d\u00e9but 1990.<br><\/li>\n\n\n\n<li class=\"has-black-color has-text-color has-link-color wp-elements-5b42ac594978165982776a31c872885a\" style=\"font-size:15px\">La mod\u00e9lisation int\u00e9gr\u00e9e de l&rsquo;hydrologie, des cycles de nutriments et de l&rsquo;\u00e9tat \u00e9cologique de la baie de Douarnenez. Cet axe permet d&rsquo;approfondir les connaissances sur le temps de r\u00e9ponse du bassin versant, sa capacit\u00e9 d&rsquo;absorption et l&rsquo;influence de la variabilit\u00e9 climatique sur les flux de nutriment et la prolif\u00e9ration des algues.<br> <\/li>\n\n\n\n<li class=\"has-black-color has-text-color has-link-color wp-elements-0d2256b392993ce5260e811f7d28320a\" style=\"font-size:15px\">L&rsquo;analyse r\u00e9trospective des s\u00e9ries temporelles des flux de nutriment en lien avec les mar\u00e9es vertes dans 8 baies. Cet axe explore les similitudes des trajectoires des bassins versants \u00ab\u00a0algues vertes\u00a0\u00bb et des autres bassins versants bretons. Il questionne \u00e9galement les valeurs d&rsquo;un point de bascule, \u00e0 partir duquel les mar\u00e9es vertes n&rsquo;auraient plus lieu tous les ans.<\/li>\n<\/ul>\n\n\n\n<div class=\"wp-block-group\"><div class=\"wp-block-group__inner-container is-layout-constrained wp-block-group-is-layout-constrained\">\n<p class=\"has-text-color has-link-color has-medium-font-size wp-elements-095ca1ba437abc667d186acb9e0e763d\" style=\"color:#144c79\"><strong>Actualit\u00e9s en lien avec ce volet de recherche : <\/strong><\/p>\n\n\n<ul style=\"font-size:15px;\" class=\"wp-block-latest-posts__list wp-block-latest-posts\"><li><a class=\"wp-block-latest-posts__post-title\" href=\"http:\/\/greenseas.fr\/index.php\/2025\/12\/15\/nouvel-arrivant-baptiste-vivier\/\">Nouvel arrivant ! Baptiste Vivier<\/a><div class=\"wp-block-latest-posts__post-excerpt\">Bonjour, je suis docteur en sciences environnementales c\u00f4ti\u00e8res, sp\u00e9cialis\u00e9 dans le fonctionnement des communaut\u00e9s de producteurs primaires, incluant la production, la photochimie et la biodiversit\u00e9. Apr\u00e8s plusieurs ann\u00e9es d\u2019exp\u00e9rience en R&amp;D industrielle, j\u2019ai rejoint le CEVA (Centre d\u2019\u00c9tude et de Valorisation des Algues) en octobre 2025, o\u00f9 j\u2019occupe le poste de responsable du p\u00f4le \u00c9cologie\u2026 <a class=\"wp-block-latest-posts__read-more\" href=\"http:\/\/greenseas.fr\/index.php\/2025\/12\/15\/nouvel-arrivant-baptiste-vivier\/\" rel=\"noopener noreferrer\">Lire la suite<span class=\"screen-reader-text\">\u00a0: Nouvel arrivant ! Baptiste Vivier<\/span><\/a><\/div><\/li>\n<li><a class=\"wp-block-latest-posts__post-title\" href=\"http:\/\/greenseas.fr\/index.php\/2025\/11\/05\/nouvelle-arrivante-delphine-durand-sall\/\">Nouvelle arrivante : Delphine Durand-Sall<\/a><div class=\"wp-block-latest-posts__post-excerpt\">Bonjour \u00e0 toutes et tous, Je suis docteure en anthropologie\u00a0: je viens de soutenir une th\u00e8se sur l\u2019Habiter dans un quartier de p\u00eacheurs au S\u00e9n\u00e9gal. Je rejoins le projet Greenseas pour une mission de recherche (de quatre mois) portant sur les pratiques agricoles dans la baie de Douarnenez autour des ann\u00e9es 80. Plus pr\u00e9cis\u00e9ment, mon\u2026 <a class=\"wp-block-latest-posts__read-more\" href=\"http:\/\/greenseas.fr\/index.php\/2025\/11\/05\/nouvelle-arrivante-delphine-durand-sall\/\" rel=\"noopener noreferrer\">Lire la suite<span class=\"screen-reader-text\">\u00a0: Nouvelle arrivante : Delphine Durand-Sall<\/span><\/a><\/div><\/li>\n<li><a class=\"wp-block-latest-posts__post-title\" href=\"http:\/\/greenseas.fr\/index.php\/2025\/04\/04\/seminaire-annuel-du-projet-2-jours-dintenses-echanges\/\">S\u00e9minaire annuel du projet : 2 jours d&rsquo;intenses \u00e9changes !<\/a><div class=\"wp-block-latest-posts__post-excerpt\">Le s\u00e9minaire annuel du projet GreenSeas s&rsquo;est d\u00e9roul\u00e9 du 5 au 7 mars dans les locaux du Parc Naturel R\u00e9gional d&rsquo;Armorique. Merci aux agent.es du parc pour leur accueil ! Ce temps fort marque l&rsquo;entr\u00e9e dans la deuxi\u00e8me moiti\u00e9 du temps du projet. Au cours de la premi\u00e8re demi-journ\u00e9e, nous avons principalement \u00e9chang\u00e9 autour de\u2026 <a class=\"wp-block-latest-posts__read-more\" href=\"http:\/\/greenseas.fr\/index.php\/2025\/04\/04\/seminaire-annuel-du-projet-2-jours-dintenses-echanges\/\" rel=\"noopener noreferrer\">Lire la suite<span class=\"screen-reader-text\">\u00a0: S\u00e9minaire annuel du projet : 2 jours d&rsquo;intenses \u00e9changes !<\/span><\/a><\/div><\/li>\n<li><a class=\"wp-block-latest-posts__post-title\" href=\"http:\/\/greenseas.fr\/index.php\/2025\/02\/10\/programme-des-mini-webinaires\/\">Programme des mini-webinaires<\/a><div class=\"wp-block-latest-posts__post-excerpt\">Voici le programme des mini-webinaires de cette nouvelle saison. Les mini-webinaires sont ouverts au membres du consortium du projet GreenSeas, et \u00e0 certaines organisations partenaires. Jeudi&nbsp;30&nbsp;janvier&nbsp;:&nbsp;Assistons-nous \u00e0 l\u2019\u00e9pilogue des mobilisations des associations environnementales contre les mar\u00e9es vertes&nbsp;? Anim\u00e9 par Antonin KHOSROVANINEJAD Les ann\u00e9es 1990 et 2000 sont marqu\u00e9es par des mobilisations importantes contre les \u00ab&nbsp;mar\u00e9es\u2026 <a class=\"wp-block-latest-posts__read-more\" href=\"http:\/\/greenseas.fr\/index.php\/2025\/02\/10\/programme-des-mini-webinaires\/\" rel=\"noopener noreferrer\">Lire la suite<span class=\"screen-reader-text\">\u00a0: Programme des mini-webinaires<\/span><\/a><\/div><\/li>\n<li><a class=\"wp-block-latest-posts__post-title\" href=\"http:\/\/greenseas.fr\/index.php\/2024\/11\/21\/diagnostique-agraire-de-la-baie-de-douarnenez\/\">Diagnostic agraire de la baie de Douarnenez<\/a><div class=\"wp-block-latest-posts__post-excerpt\">Entre mars et septembre 2024, Francesca Aloisi a r\u00e9alis\u00e9 son stage de M2 en D\u00e9veloppement Agricole (AgroParisTech) au sein de l\u2019EPAB, partenaire du projet GreenSeas. Elle a r\u00e9alis\u00e9 le diagnostic agricole du Porzay et du Pays de Douarnenez, en utilisant la m\u00e9thode du diagnostic agraire, con\u00e7ue pour comprendre et caract\u00e9riser l\u2019\u00e9volution de l\u2019agriculture d\u2019un territoire.\u2026 <a class=\"wp-block-latest-posts__read-more\" href=\"http:\/\/greenseas.fr\/index.php\/2024\/11\/21\/diagnostique-agraire-de-la-baie-de-douarnenez\/\" rel=\"noopener noreferrer\">Lire la suite<span class=\"screen-reader-text\">\u00a0: Diagnostic agraire de la baie de Douarnenez<\/span><\/a><\/div><\/li>\n<li><a class=\"wp-block-latest-posts__post-title\" href=\"http:\/\/greenseas.fr\/index.php\/2024\/10\/02\/stage-m2-lea-lamia-bessouet-evaluation-de-leffet-des-mesures-de-reduction-des-concentrations-en-nitrate-dans-les-bassins-versants-bretons-du-plan-algues-vertes\/\">La baisse des nitrates est-elle plus importante dans les bassins \u00ab\u00a0algues vertes\u00a0\u00bb que dans le reste de la r\u00e9gion ?<\/a><div class=\"wp-block-latest-posts__post-excerpt\">Dans un contexte de baisse g\u00e9n\u00e9ralis\u00e9e des concentrations en nitrate en Bretagne depuis 2000, cette baisse est-elle plus importante dans les bassins versants dits \u00ab \u00e0 algues vertes \u00bb, c\u2019est-\u00e0-dire soumis \u00e0 un risque sanitaire en lien avec la prolif\u00e9ration d\u2019algues, par rapport au reste de la r\u00e9gion ? Une baisse plus importante pourrait \u00eatre\u2026 <a class=\"wp-block-latest-posts__read-more\" href=\"http:\/\/greenseas.fr\/index.php\/2024\/10\/02\/stage-m2-lea-lamia-bessouet-evaluation-de-leffet-des-mesures-de-reduction-des-concentrations-en-nitrate-dans-les-bassins-versants-bretons-du-plan-algues-vertes\/\" rel=\"noopener noreferrer\">Lire la suite<span class=\"screen-reader-text\">\u00a0: La baisse des nitrates est-elle plus importante dans les bassins \u00ab\u00a0algues vertes\u00a0\u00bb que dans le reste de la r\u00e9gion ?<\/span><\/a><\/div><\/li>\n<li><a class=\"wp-block-latest-posts__post-title\" href=\"http:\/\/greenseas.fr\/index.php\/2024\/09\/24\/offre-de-stage-m1-cesure-ou-m2-6-mois-modelisation-historique-de-la-transition-agricole-et-des-surplus-azotes-le-finistere\/\">Offre de stage ! \u00ab\u00a0Mod\u00e9lisation historique de la transition agricole et des surplus azot\u00e9s &#8211; Le Finist\u00e8re\u00a0\u00bb<\/a><div class=\"wp-block-latest-posts__post-excerpt\">Nous recrutons un.e stagiaire (M1 c\u00e9sure ou M2 de 6 mois)  sur la mod\u00e9lisation historique de la transition agricole et des surplus azot\u00e9s dans le Finist\u00e8re, \u00e0 UMR SAS INRAE, Rennes \u00e0 partir de janvier 2025<\/div><\/li>\n<\/ul><\/div><\/div>\n\n\n\n<p><br><\/p>\n","protected":false},"excerpt":{"rendered":"<p>Caract\u00e9riser les dynamiques biophysiques, dans l&rsquo;espace et dans le temps, le long du continuum terre-mer Ce volet analyse de fa\u00e7on r\u00e9trospective le fonctionnement de la baie de Douarnenez, consid\u00e9r\u00e9e comme un \u00e9cosyst\u00e8me complexe qui a subi d&rsquo;importantes modifications ces 60 derni\u00e8res ann\u00e9es. Pour cela, il s&rsquo;appuie sur plusieurs disciplines (hydrologie, biog\u00e9ochimie, agronomie, \u00e9cologie, oc\u00e9anographie, g\u00e9ographie) [&hellip;]<\/p>\n","protected":false},"author":28,"featured_media":0,"parent":17,"menu_order":0,"comment_status":"closed","ping_status":"closed","template":"page-templates\/full-width.php","meta":{"_acf_changed":false,"footnotes":""},"class_list":["post-459","page","type-page","status-publish","hentry"],"acf":[],"_links":{"self":[{"href":"http:\/\/greenseas.fr\/index.php\/wp-json\/wp\/v2\/pages\/459","targetHints":{"allow":["GET"]}}],"collection":[{"href":"http:\/\/greenseas.fr\/index.php\/wp-json\/wp\/v2\/pages"}],"about":[{"href":"http:\/\/greenseas.fr\/index.php\/wp-json\/wp\/v2\/types\/page"}],"author":[{"embeddable":true,"href":"http:\/\/greenseas.fr\/index.php\/wp-json\/wp\/v2\/users\/28"}],"replies":[{"embeddable":true,"href":"http:\/\/greenseas.fr\/index.php\/wp-json\/wp\/v2\/comments?post=459"}],"version-history":[{"count":3,"href":"http:\/\/greenseas.fr\/index.php\/wp-json\/wp\/v2\/pages\/459\/revisions"}],"predecessor-version":[{"id":703,"href":"http:\/\/greenseas.fr\/index.php\/wp-json\/wp\/v2\/pages\/459\/revisions\/703"}],"up":[{"embeddable":true,"href":"http:\/\/greenseas.fr\/index.php\/wp-json\/wp\/v2\/pages\/17"}],"wp:attachment":[{"href":"http:\/\/greenseas.fr\/index.php\/wp-json\/wp\/v2\/media?parent=459"}],"curies":[{"name":"wp","href":"https:\/\/api.w.org\/{rel}","templated":true}]}}