{"id":62,"date":"2022-12-19T17:56:59","date_gmt":"2022-12-19T16:56:59","guid":{"rendered":"http:\/\/greenseas.fr\/?page_id=62"},"modified":"2024-11-13T17:44:14","modified_gmt":"2024-11-13T16:44:14","slug":"les-terrains","status":"publish","type":"page","link":"http:\/\/greenseas.fr\/index.php\/les-terrains\/","title":{"rendered":"Les terrains"},"content":{"rendered":"\n<p style=\"font-size:20px\"><strong>Le projet mobilise une approche multi-\u00e9chelles :<\/strong><\/p>\n\n\n\n<div class=\"wp-block-group\"><div class=\"wp-block-group__inner-container is-layout-constrained wp-block-group-is-layout-constrained\">\n<div class=\"wp-block-columns is-layout-flex wp-container-core-columns-is-layout-9d6595d7 wp-block-columns-is-layout-flex\">\n<div class=\"wp-block-column is-layout-flow wp-block-column-is-layout-flow\">\n<div class=\"wp-block-group\"><div class=\"wp-block-group__inner-container is-layout-constrained wp-block-group-is-layout-constrained\">\n<div class=\"wp-block-cover is-light wp-elements-a27b7cdc2f5b86460c2864d2abcfeffd\" style=\"min-height:241px;aspect-ratio:unset;\"><span aria-hidden=\"true\" class=\"wp-block-cover__background has-cyan-bluish-gray-background-color has-background-dim-20 has-background-dim\"><\/span><div class=\"wp-block-cover__inner-container is-layout-constrained wp-block-cover-is-layout-constrained\">\n<p class=\"has-text-align-center has-text-color has-link-color wp-elements-6b39833490d3fe3f5a71f642f77aa29d\" style=\"color:#144c79;font-size:20px\"><strong>La Baie de Douarnenez<\/strong><\/p>\n\n\n\n<p style=\"font-size:17px\">Travaux d\u00e9taill\u00e9s et des d\u00e9veloppements m\u00e9thodologiques<\/p>\n\n\n\n<div class=\"wp-block-buttons is-content-justification-center is-layout-flex wp-container-core-buttons-is-layout-16018d1d wp-block-buttons-is-layout-flex\">\n<div class=\"wp-block-button\"><a class=\"wp-block-button__link has-white-color has-text-color has-link-color wp-element-button\" href=\"http:\/\/greenseas.fr\/index.php\/les-terrains\/la-baie-de-douarnenez\/\">En savoir plus<\/a><\/div>\n<\/div>\n<\/div><\/div>\n<\/div><\/div>\n<\/div>\n\n\n\n<div class=\"wp-block-column is-layout-flow wp-block-column-is-layout-flow\">\n<div class=\"wp-block-group\"><div class=\"wp-block-group__inner-container is-layout-constrained wp-block-group-is-layout-constrained\">\n<div class=\"wp-block-cover is-light wp-elements-bdc700810357e623501f6ea1faec7dae\" style=\"min-height:241px;aspect-ratio:unset;\"><span aria-hidden=\"true\" class=\"wp-block-cover__background has-cyan-bluish-gray-background-color has-background-dim-20 has-background-dim\"><\/span><div class=\"wp-block-cover__inner-container is-layout-constrained wp-block-cover-is-layout-constrained\">\n<p class=\"has-text-align-center has-text-color has-link-color wp-elements-fd7b15eaaeca4367467fd11c53c45190\" style=\"color:#144c79;font-size:20px\"><strong>La R\u00e9gion Bretagne<\/strong><\/p>\n\n\n\n<p style=\"font-size:17px\">Analyse transversale aux 8 baies concern\u00e9es par le Plan de Lutte contre les Algues vertes<\/p>\n\n\n\n<div class=\"wp-block-buttons is-content-justification-center is-layout-flex wp-container-core-buttons-is-layout-16018d1d wp-block-buttons-is-layout-flex\">\n<div class=\"wp-block-button\"><a class=\"wp-block-button__link has-white-color has-text-color has-link-color wp-element-button\" href=\"http:\/\/greenseas.fr\/index.php\/les-terrains\/lechelle-regionale\/\">En savoir plus<\/a><\/div>\n<\/div>\n<\/div><\/div>\n<\/div><\/div>\n<\/div>\n<\/div>\n<\/div><\/div>\n\n\n\n<p><\/p>\n","protected":false},"excerpt":{"rendered":"<p>Le projet mobilise une approche multi-\u00e9chelles :<\/p>\n","protected":false},"author":2,"featured_media":0,"parent":0,"menu_order":0,"comment_status":"closed","ping_status":"closed","template":"page-templates\/full-width.php","meta":{"_acf_changed":false,"footnotes":""},"class_list":["post-62","page","type-page","status-publish","hentry"],"acf":[],"_links":{"self":[{"href":"http:\/\/greenseas.fr\/index.php\/wp-json\/wp\/v2\/pages\/62","targetHints":{"allow":["GET"]}}],"collection":[{"href":"http:\/\/greenseas.fr\/index.php\/wp-json\/wp\/v2\/pages"}],"about":[{"href":"http:\/\/greenseas.fr\/index.php\/wp-json\/wp\/v2\/types\/page"}],"author":[{"embeddable":true,"href":"http:\/\/greenseas.fr\/index.php\/wp-json\/wp\/v2\/users\/2"}],"replies":[{"embeddable":true,"href":"http:\/\/greenseas.fr\/index.php\/wp-json\/wp\/v2\/comments?post=62"}],"version-history":[{"count":6,"href":"http:\/\/greenseas.fr\/index.php\/wp-json\/wp\/v2\/pages\/62\/revisions"}],"predecessor-version":[{"id":485,"href":"http:\/\/greenseas.fr\/index.php\/wp-json\/wp\/v2\/pages\/62\/revisions\/485"}],"wp:attachment":[{"href":"http:\/\/greenseas.fr\/index.php\/wp-json\/wp\/v2\/media?parent=62"}],"curies":[{"name":"wp","href":"https:\/\/api.w.org\/{rel}","templated":true}]}}

<p style="font-size:20px"><strong>Le projet mobilise une approche multi-échelles :</strong></p>



<div class="wp-block-group"><div class="wp-block-group__inner-container is-layout-constrained wp-block-group-is-layout-constrained">
<div class="wp-block-columns is-layout-flex wp-container-core-columns-is-layout-9d6595d7 wp-block-columns-is-layout-flex">
<div class="wp-block-column is-layout-flow wp-block-column-is-layout-flow">
<div class="wp-block-group"><div class="wp-block-group__inner-container is-layout-constrained wp-block-group-is-layout-constrained">
<div class="wp-block-cover is-light wp-elements-a27b7cdc2f5b86460c2864d2abcfeffd" style="min-height:241px;aspect-ratio:unset;"><span aria-hidden="true" class="wp-block-cover__background has-cyan-bluish-gray-background-color has-background-dim-20 has-background-dim"></span><div class="wp-block-cover__inner-container is-layout-constrained wp-block-cover-is-layout-constrained">
<p class="has-text-align-center has-text-color has-link-color wp-elements-6b39833490d3fe3f5a71f642f77aa29d" style="color:#144c79;font-size:20px"><strong>La Baie de Douarnenez</strong></p>



<p style="font-size:17px">Travaux détaillés et des développements méthodologiques</p>



<div class="wp-block-buttons is-content-justification-center is-layout-flex wp-container-core-buttons-is-layout-16018d1d wp-block-buttons-is-layout-flex">
<div class="wp-block-button"><a class="wp-block-button__link has-white-color has-text-color has-link-color wp-element-button" href="http://greenseas.fr/index.php/les-terrains/la-baie-de-douarnenez/">En savoir plus</a></div>
</div>
</div></div>
</div></div>
</div>



<div class="wp-block-column is-layout-flow wp-block-column-is-layout-flow">
<div class="wp-block-group"><div class="wp-block-group__inner-container is-layout-constrained wp-block-group-is-layout-constrained">
<div class="wp-block-cover is-light wp-elements-bdc700810357e623501f6ea1faec7dae" style="min-height:241px;aspect-ratio:unset;"><span aria-hidden="true" class="wp-block-cover__background has-cyan-bluish-gray-background-color has-background-dim-20 has-background-dim"></span><div class="wp-block-cover__inner-container is-layout-constrained wp-block-cover-is-layout-constrained">
<p class="has-text-align-center has-text-color has-link-color wp-elements-fd7b15eaaeca4367467fd11c53c45190" style="color:#144c79;font-size:20px"><strong>La Région Bretagne</strong></p>



<p style="font-size:17px">Analyse transversale aux 8 baies concernées par le Plan de Lutte contre les Algues vertes</p>



<div class="wp-block-buttons is-content-justification-center is-layout-flex wp-container-core-buttons-is-layout-16018d1d wp-block-buttons-is-layout-flex">
<div class="wp-block-button"><a class="wp-block-button__link has-white-color has-text-color has-link-color wp-element-button" href="http://greenseas.fr/index.php/les-terrains/lechelle-regionale/">En savoir plus</a></div>
</div>
</div></div>
</div></div>
</div>
</div>
</div></div>



<p></p>

<p>Le projet mobilise une approche multi-échelles :</p>
