{"id":850,"date":"2025-07-03T12:36:46","date_gmt":"2025-07-03T10:36:46","guid":{"rendered":"http:\/\/greenseas.fr\/?page_id=850"},"modified":"2025-07-03T12:48:59","modified_gmt":"2025-07-03T10:48:59","slug":"presentations-des-resultats","status":"publish","type":"page","link":"http:\/\/greenseas.fr\/index.php\/presentations-des-resultats\/","title":{"rendered":"Pr\u00e9sentations des r\u00e9sultats"},"content":{"rendered":"\n<p class=\"has-black-color has-text-color has-link-color has-medium-font-size wp-elements-3f53ac269da501e70baf8233a3c879ba\">Dans cette deuxi\u00e8me phase du projet GreenSeas, nous vous convions \u00e0 diff\u00e9rentes formes de pr\u00e9sentation des r\u00e9sulats<\/p>\n\n\n\n<ul class=\"wp-block-list\">\n<li class=\"has-black-color has-text-color has-link-color wp-elements-4f5328b796a4ddc6bdcdbe4811d1bbf2\" style=\"font-size:14px\">les \u00ab\u00a0<strong><a href=\"http:\/\/greenseas.fr\/index.php\/presentations-des-resultats\/les-rendez-vous-greenseas\/\" data-type=\"page\" data-id=\"847\">Rendez-vous GreenSeas<\/a><\/strong>\u00a0\u00bb : tous les deux mois environ, un temps d&rsquo;\u00e9change sur les r\u00e9sultats du projet discut\u00e9s par une personne ext\u00e9rieure au projet, pendant deux heures. Ces webinaires, parfois en anglais, parfois en fran\u00e7ais, sont destin\u00e9s \u00e0 faire dialoguer les membres du projet avec les<strong> membres d&rsquo;autres communaut\u00e9s acad\u00e9miques nationales ou internationales<\/strong>.<\/li>\n\n\n\n<li class=\"has-black-color has-text-color has-link-color wp-elements-b996d77b6f285b7b760a8c9a5ef09a22\" style=\"font-size:14px\">les \u00ab\u00a0<strong><a href=\"http:\/\/greenseas.fr\/index.php\/presentations-des-resultats\/les-restitutions-greenseas\/\" data-type=\"page\" data-id=\"854\">Restitutions GreenSeas<\/a><\/strong>\u00a0\u00bb : tous les premiers jeudi du mois, un temps d&rsquo;\u00e9change sur une partie des r\u00e9sultats du projet. Ces webinaires, en fran\u00e7ais, ont vocation \u00e0 faire dialoguer les membres du projet avec les <strong>parties prenantes de la gouvernance de l&rsquo;eau <\/strong>en Bretagne.<\/li>\n<\/ul>\n\n\n\n<p><\/p>\n","protected":false},"excerpt":{"rendered":"<p>Dans cette deuxi\u00e8me phase du projet GreenSeas, nous vous convions \u00e0 diff\u00e9rentes formes de pr\u00e9sentation des r\u00e9sulats<\/p>\n","protected":false},"author":28,"featured_media":0,"parent":0,"menu_order":0,"comment_status":"closed","ping_status":"closed","template":"","meta":{"_acf_changed":false,"footnotes":""},"class_list":["post-850","page","type-page","status-publish","hentry"],"acf":[],"_links":{"self":[{"href":"http:\/\/greenseas.fr\/index.php\/wp-json\/wp\/v2\/pages\/850","targetHints":{"allow":["GET"]}}],"collection":[{"href":"http:\/\/greenseas.fr\/index.php\/wp-json\/wp\/v2\/pages"}],"about":[{"href":"http:\/\/greenseas.fr\/index.php\/wp-json\/wp\/v2\/types\/page"}],"author":[{"embeddable":true,"href":"http:\/\/greenseas.fr\/index.php\/wp-json\/wp\/v2\/users\/28"}],"replies":[{"embeddable":true,"href":"http:\/\/greenseas.fr\/index.php\/wp-json\/wp\/v2\/comments?post=850"}],"version-history":[{"count":3,"href":"http:\/\/greenseas.fr\/index.php\/wp-json\/wp\/v2\/pages\/850\/revisions"}],"predecessor-version":[{"id":856,"href":"http:\/\/greenseas.fr\/index.php\/wp-json\/wp\/v2\/pages\/850\/revisions\/856"}],"wp:attachment":[{"href":"http:\/\/greenseas.fr\/index.php\/wp-json\/wp\/v2\/media?parent=850"}],"curies":[{"name":"wp","href":"https:\/\/api.w.org\/{rel}","templated":true}]}}