{"id":854,"date":"2025-07-03T12:48:45","date_gmt":"2025-07-03T10:48:45","guid":{"rendered":"http:\/\/greenseas.fr\/?page_id=854"},"modified":"2025-07-03T12:48:45","modified_gmt":"2025-07-03T10:48:45","slug":"les-restitutions-greenseas","status":"publish","type":"page","link":"http:\/\/greenseas.fr\/index.php\/presentations-des-resultats\/les-restitutions-greenseas\/","title":{"rendered":"Les \u00ab\u00a0restitutions GreenSeas\u00a0\u00bb"},"content":{"rendered":"\n<p class=\"has-black-color has-text-color has-link-color has-medium-font-size wp-elements-c5e4e4c280d2887ff53a26bdeb184e65\">Dans cette deuxi\u00e8me partie du projet nous vous convions, une fois par mois, \u00e0 un temps d&rsquo;\u00e9change sur une partie des r\u00e9sultats du projet. Ces webinaires, en fran\u00e7ais, ont vocation \u00e0 faire dialoguer les membres du projet avec les <strong>parties prenantes de la gouvernance de l&rsquo;eau <\/strong>en Bretagne.<\/p>\n\n\n\n<p class=\"has-text-color has-link-color has-medium-font-size wp-elements-24783b2e402dde9140cc622dc40d1c48\" style=\"color:#144c79\"><strong>Programme des restitutions<\/strong><\/p>\n\n\n\n<p class=\"has-black-color has-text-color has-link-color wp-elements-c957dbc82dcefd228c2f0914d7dae336\" style=\"font-size:14px\">Chaque s\u00e9ance aura lieu de 10h \u00e0 12h en ligne. <em>Lien et programme \u00e0 venir<\/em><\/p>\n\n\n\n<p class=\"has-black-color has-text-color has-link-color wp-elements-d753025efa96e32e3483c4865df49933\" style=\"font-size:16px\"><strong>2025<\/strong><\/p>\n\n\n\n<ul class=\"wp-block-list\">\n<li class=\"has-black-color has-text-color has-link-color wp-elements-978d825c1241661e9fb657ead358d45b\" style=\"font-size:14px\">16 octobre <\/li>\n\n\n\n<li class=\"has-black-color has-text-color has-link-color wp-elements-316bf317166f2ea58f12b39ada7e1c0c\" style=\"font-size:14px\">20 novembre <\/li>\n\n\n\n<li class=\"has-black-color has-text-color has-link-color wp-elements-099a80dcd435cb2c860bed4691a33194\" style=\"font-size:14px\">11 d\u00e9cembre <\/li>\n<\/ul>\n\n\n\n<p class=\"has-black-color has-text-color has-link-color wp-elements-e0065eac3ffc3c501f60339842aa79be\" style=\"font-size:16px\"><strong>2026<\/strong> &#8211; tous les premiers jeudis du mois<\/p>\n\n\n\n<ul class=\"wp-block-list\">\n<li class=\"has-black-color has-text-color has-link-color wp-elements-0b2304111382611875764e84c56bd562\" style=\"font-size:14px\">8 janvier<\/li>\n\n\n\n<li class=\"has-black-color has-text-color has-link-color wp-elements-fd15b6e71d5db2ab32ed7fbd9bdcf26c\" style=\"font-size:14px\">5 f\u00e9vrier<\/li>\n\n\n\n<li class=\"has-black-color has-text-color has-link-color wp-elements-80185416859f37fb29ae2a95284e3124\" style=\"font-size:14px\">5 mars<\/li>\n\n\n\n<li class=\"has-black-color has-text-color has-link-color wp-elements-22afb2ba3eebf9bdef42e90d01543615\" style=\"font-size:14px\">2 avril<\/li>\n\n\n\n<li class=\"has-black-color has-text-color has-link-color wp-elements-427783dec520b232a3ddc1ed61046d84\" style=\"font-size:14px\">7 mai<\/li>\n\n\n\n<li class=\"has-black-color has-text-color has-link-color wp-elements-8e6a9e5dabafa35cb853692ec53f3509\" style=\"font-size:14px\">4 juin<\/li>\n\n\n\n<li class=\"has-black-color has-text-color has-link-color wp-elements-45cc8796c3f9530307c515ccb4e86409\" style=\"font-size:14px\">3 septembre<\/li>\n\n\n\n<li class=\"has-black-color has-text-color has-link-color wp-elements-b452270251cbeb59622b51de34981002\" style=\"font-size:14px\">1<sup>er<\/sup> octobre<\/li>\n\n\n\n<li class=\"has-black-color has-text-color has-link-color wp-elements-7edea016090fb3bbdce55760e3e648d0\" style=\"font-size:14px\">5 novembre<\/li>\n\n\n\n<li class=\"has-black-color has-text-color has-link-color wp-elements-9f68dfc3cee31d351dd379e95234e50e\" style=\"font-size:14px\">3 d\u00e9cembre<\/li>\n<\/ul>\n\n\n\n<p class=\"has-black-color has-text-color has-link-color wp-elements-0540805322b01a9fc26d961c22abb9e6\" style=\"font-size:16px\"><strong>Vous avez rat\u00e9 une s\u00e9ance ? Les enregistrements seront mis en ligne sur le site internet du projet<\/strong><\/p>\n","protected":false},"excerpt":{"rendered":"<p>Dans cette deuxi\u00e8me partie du projet nous vous convions, une fois par mois, \u00e0 un temps d&rsquo;\u00e9change sur une partie des r\u00e9sultats du projet. Ces webinaires, en fran\u00e7ais, ont vocation \u00e0 faire dialoguer les membres du projet avec les parties prenantes de la gouvernance de l&rsquo;eau en Bretagne. Programme des restitutions Chaque s\u00e9ance aura lieu [&hellip;]<\/p>\n","protected":false},"author":28,"featured_media":0,"parent":850,"menu_order":0,"comment_status":"closed","ping_status":"closed","template":"","meta":{"_acf_changed":false,"footnotes":""},"class_list":["post-854","page","type-page","status-publish","hentry"],"acf":[],"_links":{"self":[{"href":"http:\/\/greenseas.fr\/index.php\/wp-json\/wp\/v2\/pages\/854","targetHints":{"allow":["GET"]}}],"collection":[{"href":"http:\/\/greenseas.fr\/index.php\/wp-json\/wp\/v2\/pages"}],"about":[{"href":"http:\/\/greenseas.fr\/index.php\/wp-json\/wp\/v2\/types\/page"}],"author":[{"embeddable":true,"href":"http:\/\/greenseas.fr\/index.php\/wp-json\/wp\/v2\/users\/28"}],"replies":[{"embeddable":true,"href":"http:\/\/greenseas.fr\/index.php\/wp-json\/wp\/v2\/comments?post=854"}],"version-history":[{"count":1,"href":"http:\/\/greenseas.fr\/index.php\/wp-json\/wp\/v2\/pages\/854\/revisions"}],"predecessor-version":[{"id":855,"href":"http:\/\/greenseas.fr\/index.php\/wp-json\/wp\/v2\/pages\/854\/revisions\/855"}],"up":[{"embeddable":true,"href":"http:\/\/greenseas.fr\/index.php\/wp-json\/wp\/v2\/pages\/850"}],"wp:attachment":[{"href":"http:\/\/greenseas.fr\/index.php\/wp-json\/wp\/v2\/media?parent=854"}],"curies":[{"name":"wp","href":"https:\/\/api.w.org\/{rel}","templated":true}]}}