{"id":869,"date":"2025-07-28T08:38:18","date_gmt":"2025-07-28T06:38:18","guid":{"rendered":"http:\/\/greenseas.fr\/?page_id=869"},"modified":"2025-10-22T16:05:02","modified_gmt":"2025-10-22T14:05:02","slug":"videos","status":"publish","type":"page","link":"http:\/\/greenseas.fr\/index.php\/videos\/","title":{"rendered":"Vid\u00e9os"},"content":{"rendered":"\n<p class=\"has-medium-font-size\">Sur cette page, vous trouverez des liens vers diff\u00e9rentes vid\u00e9os du projet : vid\u00e9os de pr\u00e9sentation, parole d&rsquo;\u00e9lus, etc.<\/p>\n\n\n\n<p class=\"has-white-color has-text-color has-background has-link-color has-medium-font-size wp-elements-4cbc0150e77b44423f22b0cd6beb87ef\" style=\"background-color:#144c79\"><strong>Pr\u00e9sentation du projet<\/strong><\/p>\n\n\n\n<figure class=\"wp-block-embed is-type-video is-provider-youtube wp-block-embed-youtube wp-embed-aspect-16-9 wp-has-aspect-ratio\"><div class=\"wp-block-embed__wrapper\">\n<iframe loading=\"lazy\" title=\"GreenSeas\" width=\"1140\" height=\"641\" src=\"https:\/\/www.youtube.com\/embed\/dKn_uzd69kU?feature=oembed\" frameborder=\"0\" allow=\"accelerometer; autoplay; clipboard-write; encrypted-media; gyroscope; picture-in-picture; web-share\" referrerpolicy=\"strict-origin-when-cross-origin\" allowfullscreen><\/iframe>\n<\/div><\/figure>\n\n\n\n<p>Pour en savoir plus sur le CRESEB : <a href=\"https:\/\/www.creseb.fr\/\">https:\/\/www.creseb.fr\/<\/a> <\/p>\n\n\n\n<p class=\"has-white-color has-text-color has-background has-link-color has-medium-font-size wp-elements-4b3ef7b13819bee1379471b8029b2f08\" style=\"background-color:#144c79\"><strong>Paroles d&rsquo;\u00e9lus et interviews<\/strong><\/p>\n\n\n\n<p class=\"has-black-color has-text-color has-link-color has-medium-font-size wp-elements-0deae1cbd4997fae27f3c475863368f6\"><strong>Film &#8211; L&rsquo;Exp\u00e9rience algues vertes, paroles d&rsquo;\u00e9lu\u00b7e\u00b7s. <\/strong><\/p>\n\n\n\n<figure class=\"wp-block-embed is-type-video is-provider-vimeo wp-block-embed-vimeo wp-embed-aspect-16-9 wp-has-aspect-ratio\"><div class=\"wp-block-embed__wrapper\">\n<iframe loading=\"lazy\" title=\"2021 - L&#039;exp\u00e9rience algues vertes - paroles d&#039;\u00e9lu.e.s\" src=\"https:\/\/player.vimeo.com\/video\/504344457?h=74208b6c50&amp;dnt=1&amp;app_id=122963\" width=\"1140\" height=\"641\" frameborder=\"0\" allow=\"autoplay; fullscreen; picture-in-picture; clipboard-write; encrypted-media; web-share\" referrerpolicy=\"strict-origin-when-cross-origin\"><\/iframe>\n<\/div><\/figure>\n\n\n\n<p class=\"has-black-color has-text-color has-link-color has-medium-font-size wp-elements-98b3ce5ea5a2ccebede5bc8603e8936c\"><strong>Interview &#8211; Jean-Ren\u00e9 Cotten.<\/strong> Eleveur laitier en agriculture biologique, membre du Groupe d&rsquo;agroculteurs r\u00e9f\u00e9rents du Plan Algues Vertes de la baie de la For\u00eat. 4 mai 2021.<\/p>\n\n\n\n<figure class=\"wp-block-video\"><video controls src=\"https:\/\/api.nakala.fr\/data\/10.34847\/nkl.c60aw066\/3848c29e88d91e6ad0d7368080f7724befa1ccda\"><\/video><\/figure>\n\n\n\n<p class=\"has-black-color has-text-color has-link-color has-medium-font-size wp-elements-280c9513924a3de7d99601cde09c34ae\"><strong>Interview &#8211; Andr\u00e9 Pochon<\/strong>. Agriculteur retrait\u00e9, fondateur du Centre d&rsquo;\u00e9tudes pour un d\u00e9veloppement agricole plus autonome (CEDAPA). 12 avril 2021.<\/p>\n\n\n\n<figure class=\"wp-block-video\"><video controls src=\"https:\/\/api.nakala.fr\/data\/10.34847\/nkl.e9033c30\/b5be11ef9d7ee0827e95631f6eff5a555e179c34\"><\/video><\/figure>\n\n\n\n<p class=\"has-black-color has-text-color has-link-color has-medium-font-size wp-elements-5cba6c736b87d1bfbf973484bb0e2ff8\"><strong>Interview &#8211; Yves-Marie Lelay. <\/strong>Pr\u00e9sident de Sauvegarde du Tr\u00e9gor, Go\u00eblo, Penthi\u00e8vre. Auuteur de \u00ab\u00a0Les mar\u00e9es vertes tuent aussi !\u00a0\u00bb (2021, avec A. Ollivro), \u00ab\u00a0Algues vertes, un scandale d&rsquo;Etat\u00a0\u00bb (2020) et \u00ab\u00a0Putain d&rsquo;algues !\u00a0\u00bb (2021). 11 mai 2021.<\/p>\n\n\n\n<figure class=\"wp-block-video\"><video controls src=\"https:\/\/api.nakala.fr\/data\/10.34847\/nkl.434f6fw6\/ac58ed2cfc71dfaddf5d811bd9ebcd71d6ea5acd\"><\/video><\/figure>\n\n\n\n<p class=\"has-black-color has-text-color has-link-color has-medium-font-size wp-elements-9580f727907772ecec1bb2b9a20b3ee6\"><strong>Interview &#8211; Emmanuelle Le Gad.<\/strong> Coordinatrice bassins versants &#8211; espaces  naturels \u00e0 la Communaut\u00e9 de Communes de Lesneven-C\u00f4te des L\u00e9gendes. 12 mai 2025.<\/p>\n\n\n\n<figure class=\"wp-block-video\"><video controls src=\"https:\/\/api.nakala.fr\/data\/10.34847\/nkl.da3cpo08\/0df503e9bf45aed31ff46d084040d0a82f1b50db\"><\/video><\/figure>\n\n\n\n<p class=\"has-black-color has-text-color has-link-color has-medium-font-size wp-elements-1a8db6577ece3cd43afdc47c831dc263\"><strong>Interview &#8211; Ren\u00e9 Paugam. <\/strong>Agriculteur retrait\u00e9, Maire de Plouider, Vice-Pr\u00e9sident de la Communaut\u00e9 de Communes de Lesneven-C\u00f4te des L\u00e9gendes en charge de l&rsquo;environnement. 12 mai 2021.<\/p>\n\n\n\n<figure class=\"wp-block-video\"><video controls src=\"https:\/\/api.nakala.fr\/data\/10.34847\/nkl.41b54pdg\/01aa652311f48048731919f123ad9a3c81e91320\"><\/video><\/figure>\n","protected":false},"excerpt":{"rendered":"<p>Sur cette page, vous trouverez des liens vers diff\u00e9rentes vid\u00e9os du projet : vid\u00e9os de pr\u00e9sentation, parole d&rsquo;\u00e9lus, etc. Pr\u00e9sentation du projet Pour en savoir plus sur le CRESEB : https:\/\/www.creseb.fr\/ Paroles d&rsquo;\u00e9lus et interviews Film &#8211; L&rsquo;Exp\u00e9rience algues vertes, paroles d&rsquo;\u00e9lu\u00b7e\u00b7s. Interview &#8211; Jean-Ren\u00e9 Cotten. Eleveur laitier en agriculture biologique, membre du Groupe d&rsquo;agroculteurs [&hellip;]<\/p>\n","protected":false},"author":28,"featured_media":0,"parent":0,"menu_order":0,"comment_status":"closed","ping_status":"closed","template":"","meta":{"_acf_changed":false,"footnotes":""},"class_list":["post-869","page","type-page","status-publish","hentry"],"acf":[],"_links":{"self":[{"href":"http:\/\/greenseas.fr\/index.php\/wp-json\/wp\/v2\/pages\/869","targetHints":{"allow":["GET"]}}],"collection":[{"href":"http:\/\/greenseas.fr\/index.php\/wp-json\/wp\/v2\/pages"}],"about":[{"href":"http:\/\/greenseas.fr\/index.php\/wp-json\/wp\/v2\/types\/page"}],"author":[{"embeddable":true,"href":"http:\/\/greenseas.fr\/index.php\/wp-json\/wp\/v2\/users\/28"}],"replies":[{"embeddable":true,"href":"http:\/\/greenseas.fr\/index.php\/wp-json\/wp\/v2\/comments?post=869"}],"version-history":[{"count":2,"href":"http:\/\/greenseas.fr\/index.php\/wp-json\/wp\/v2\/pages\/869\/revisions"}],"predecessor-version":[{"id":920,"href":"http:\/\/greenseas.fr\/index.php\/wp-json\/wp\/v2\/pages\/869\/revisions\/920"}],"wp:attachment":[{"href":"http:\/\/greenseas.fr\/index.php\/wp-json\/wp\/v2\/media?parent=869"}],"curies":[{"name":"wp","href":"https:\/\/api.w.org\/{rel}","templated":true}]}}

Vidéos

<p class="has-medium-font-size">Sur cette page, vous trouverez des liens vers différentes vidéos du projet : vidéos de présentation, parole d&rsquo;élus, etc.</p>



<p class="has-white-color has-text-color has-background has-link-color has-medium-font-size wp-elements-4cbc0150e77b44423f22b0cd6beb87ef" style="background-color:#144c79"><strong>Présentation du projet</strong></p>



<figure class="wp-block-embed is-type-video is-provider-youtube wp-block-embed-youtube wp-embed-aspect-16-9 wp-has-aspect-ratio"><div class="wp-block-embed__wrapper">
<iframe loading="lazy" title="GreenSeas" width="1140" height="641" src="https://www.youtube.com/embed/dKn_uzd69kU?feature=oembed" frameborder="0" allow="accelerometer; autoplay; clipboard-write; encrypted-media; gyroscope; picture-in-picture; web-share" referrerpolicy="strict-origin-when-cross-origin" allowfullscreen></iframe>
</div></figure>



<p>Pour en savoir plus sur le CRESEB : <a href="https://www.creseb.fr/">https://www.creseb.fr/</a> </p>



<p class="has-white-color has-text-color has-background has-link-color has-medium-font-size wp-elements-4b3ef7b13819bee1379471b8029b2f08" style="background-color:#144c79"><strong>Paroles d&rsquo;élus et interviews</strong></p>



<p class="has-black-color has-text-color has-link-color has-medium-font-size wp-elements-0deae1cbd4997fae27f3c475863368f6"><strong>Film &#8211; L&rsquo;Expérience algues vertes, paroles d&rsquo;élu·e·s. </strong></p>



<figure class="wp-block-embed is-type-video is-provider-vimeo wp-block-embed-vimeo wp-embed-aspect-16-9 wp-has-aspect-ratio"><div class="wp-block-embed__wrapper">
<iframe loading="lazy" title="2021 - L&#039;expérience algues vertes - paroles d&#039;élu.e.s" src="https://player.vimeo.com/video/504344457?h=74208b6c50&amp;dnt=1&amp;app_id=122963" width="1140" height="641" frameborder="0" allow="autoplay; fullscreen; picture-in-picture; clipboard-write; encrypted-media; web-share" referrerpolicy="strict-origin-when-cross-origin"></iframe>
</div></figure>



<p class="has-black-color has-text-color has-link-color has-medium-font-size wp-elements-98b3ce5ea5a2ccebede5bc8603e8936c"><strong>Interview &#8211; Jean-René Cotten.</strong> Eleveur laitier en agriculture biologique, membre du Groupe d&rsquo;agroculteurs référents du Plan Algues Vertes de la baie de la Forêt. 4 mai 2021.</p>



<figure class="wp-block-video"><video controls src="https://api.nakala.fr/data/10.34847/nkl.c60aw066/3848c29e88d91e6ad0d7368080f7724befa1ccda"></video></figure>



<p class="has-black-color has-text-color has-link-color has-medium-font-size wp-elements-280c9513924a3de7d99601cde09c34ae"><strong>Interview &#8211; André Pochon</strong>. Agriculteur retraité, fondateur du Centre d&rsquo;études pour un développement agricole plus autonome (CEDAPA). 12 avril 2021.</p>



<figure class="wp-block-video"><video controls src="https://api.nakala.fr/data/10.34847/nkl.e9033c30/b5be11ef9d7ee0827e95631f6eff5a555e179c34"></video></figure>



<p class="has-black-color has-text-color has-link-color has-medium-font-size wp-elements-5cba6c736b87d1bfbf973484bb0e2ff8"><strong>Interview &#8211; Yves-Marie Lelay. </strong>Président de Sauvegarde du Trégor, Goëlo, Penthièvre. Auuteur de « Les marées vertes tuent aussi ! » (2021, avec A. Ollivro), « Algues vertes, un scandale d&rsquo;Etat » (2020) et « Putain d&rsquo;algues ! » (2021). 11 mai 2021.</p>



<figure class="wp-block-video"><video controls src="https://api.nakala.fr/data/10.34847/nkl.434f6fw6/ac58ed2cfc71dfaddf5d811bd9ebcd71d6ea5acd"></video></figure>



<p class="has-black-color has-text-color has-link-color has-medium-font-size wp-elements-9580f727907772ecec1bb2b9a20b3ee6"><strong>Interview &#8211; Emmanuelle Le Gad.</strong> Coordinatrice bassins versants &#8211; espaces  naturels à la Communauté de Communes de Lesneven-Côte des Légendes. 12 mai 2025.</p>



<figure class="wp-block-video"><video controls src="https://api.nakala.fr/data/10.34847/nkl.da3cpo08/0df503e9bf45aed31ff46d084040d0a82f1b50db"></video></figure>



<p class="has-black-color has-text-color has-link-color has-medium-font-size wp-elements-1a8db6577ece3cd43afdc47c831dc263"><strong>Interview &#8211; René Paugam. </strong>Agriculteur retraité, Maire de Plouider, Vice-Président de la Communauté de Communes de Lesneven-Côte des Légendes en charge de l&rsquo;environnement. 12 mai 2021.</p>



<figure class="wp-block-video"><video controls src="https://api.nakala.fr/data/10.34847/nkl.41b54pdg/01aa652311f48048731919f123ad9a3c81e91320"></video></figure>

<p>Sur cette page, vous trouverez des liens vers différentes vidéos du projet : vidéos de présentation, parole d&rsquo;élus, etc. Présentation du projet Pour en savoir plus sur le CRESEB : https://www.creseb.fr/ Paroles d&rsquo;élus et interviews Film &#8211; L&rsquo;Expérience algues vertes, paroles d&rsquo;élu·e·s. Interview &#8211; Jean-René Cotten. Eleveur laitier en agriculture biologique, membre du Groupe d&rsquo;agroculteurs [&hellip;]</p>
